{"id":138,"date":"2024-05-02T10:32:56","date_gmt":"2024-05-02T10:32:56","guid":{"rendered":"https:\/\/www.bugnion.org\/~denis\/cecheki\/?page_id=138"},"modified":"2026-04-03T16:14:49","modified_gmt":"2026-04-03T16:14:49","slug":"caravane-la-vida","status":"publish","type":"page","link":"https:\/\/www.montreuilsousvoix.fr\/index.php\/chorales\/caravane-la-vida\/","title":{"rendered":"CARAVANE LA VIDA"},"content":{"rendered":"<p><strong>Marie ESTEVE<\/strong> (12 choristes)<br \/>\n<strong>Chants du monde de tradition orale<\/strong><\/p>\n<p><strong><img loading=\"lazy\" decoding=\"async\" class=\"size-medium wp-image-12 alignright\" src=\"https:\/\/www.montreuilsousvoix.fr\/wp-content\/uploads\/2024\/04\/Caravane-La-Vida-MSV2022-300x225.jpg\" alt=\"\" width=\"300\" height=\"225\" srcset=\"https:\/\/www.montreuilsousvoix.fr\/wp-content\/uploads\/2024\/04\/Caravane-La-Vida-MSV2022-300x225.jpg 300w, https:\/\/www.montreuilsousvoix.fr\/wp-content\/uploads\/2024\/04\/Caravane-La-Vida-MSV2022-1024x768.jpg 1024w, https:\/\/www.montreuilsousvoix.fr\/wp-content\/uploads\/2024\/04\/Caravane-La-Vida-MSV2022-768x576.jpg 768w, https:\/\/www.montreuilsousvoix.fr\/wp-content\/uploads\/2024\/04\/Caravane-La-Vida-MSV2022-1536x1152.jpg 1536w, https:\/\/www.montreuilsousvoix.fr\/wp-content\/uploads\/2024\/04\/Caravane-La-Vida-MSV2022.jpg 2000w\" sizes=\"auto, (max-width: 300px) 100vw, 300px\" \/>La Caravane la Vida<\/strong> explore des chants polyphoniques de tradition orale pour la plupart et de diff\u00e9rentes cultures. Les chants sont interpr\u00e9t\u00e9s en choeur ou trio duo , solos..<br \/>\nEn salle, le programme est mis en espace et en jeu.<\/p>\n","protected":false},"excerpt":{"rendered":"<p>Marie ESTEVE (12 choristes) Chants du monde de tradition orale La Caravane la Vida explore des chants polyphoniques de tradition orale pour la plupart et de diff\u00e9rentes cultures. Les chants sont interpr\u00e9t\u00e9s en choeur ou trio duo , solos.. En salle, le programme est mis en espace et en jeu.<\/p>\n","protected":false},"author":3,"featured_media":0,"parent":107,"menu_order":1,"comment_status":"closed","ping_status":"closed","template":"","meta":{"ngg_post_thumbnail":0,"footnotes":""},"class_list":["post-138","page","type-page","status-publish","hentry"],"aioseo_notices":[],"_links":{"self":[{"href":"https:\/\/www.montreuilsousvoix.fr\/index.php\/wp-json\/wp\/v2\/pages\/138","targetHints":{"allow":["GET"]}}],"collection":[{"href":"https:\/\/www.montreuilsousvoix.fr\/index.php\/wp-json\/wp\/v2\/pages"}],"about":[{"href":"https:\/\/www.montreuilsousvoix.fr\/index.php\/wp-json\/wp\/v2\/types\/page"}],"author":[{"embeddable":true,"href":"https:\/\/www.montreuilsousvoix.fr\/index.php\/wp-json\/wp\/v2\/users\/3"}],"replies":[{"embeddable":true,"href":"https:\/\/www.montreuilsousvoix.fr\/index.php\/wp-json\/wp\/v2\/comments?post=138"}],"version-history":[{"count":8,"href":"https:\/\/www.montreuilsousvoix.fr\/index.php\/wp-json\/wp\/v2\/pages\/138\/revisions"}],"predecessor-version":[{"id":710,"href":"https:\/\/www.montreuilsousvoix.fr\/index.php\/wp-json\/wp\/v2\/pages\/138\/revisions\/710"}],"up":[{"embeddable":true,"href":"https:\/\/www.montreuilsousvoix.fr\/index.php\/wp-json\/wp\/v2\/pages\/107"}],"wp:attachment":[{"href":"https:\/\/www.montreuilsousvoix.fr\/index.php\/wp-json\/wp\/v2\/media?parent=138"}],"curies":[{"name":"wp","href":"https:\/\/api.w.org\/{rel}","templated":true}]}}

<p><strong>Marie ESTEVE</strong> (12 choristes)<br />
<strong>Chants du monde de tradition orale</strong></p>
<p><strong><img loading="lazy" decoding="async" class="size-medium wp-image-12 alignright" src="https://www.montreuilsousvoix.fr/wp-content/uploads/2024/04/Caravane-La-Vida-MSV2022-300x225.jpg" alt="" width="300" height="225" srcset="https://www.montreuilsousvoix.fr/wp-content/uploads/2024/04/Caravane-La-Vida-MSV2022-300x225.jpg 300w, https://www.montreuilsousvoix.fr/wp-content/uploads/2024/04/Caravane-La-Vida-MSV2022-1024x768.jpg 1024w, https://www.montreuilsousvoix.fr/wp-content/uploads/2024/04/Caravane-La-Vida-MSV2022-768x576.jpg 768w, https://www.montreuilsousvoix.fr/wp-content/uploads/2024/04/Caravane-La-Vida-MSV2022-1536x1152.jpg 1536w, https://www.montreuilsousvoix.fr/wp-content/uploads/2024/04/Caravane-La-Vida-MSV2022.jpg 2000w" sizes="auto, (max-width: 300px) 100vw, 300px" />La Caravane la Vida</strong> explore des chants polyphoniques de tradition orale pour la plupart et de différentes cultures. Les chants sont interprétés en choeur ou trio duo , solos..<br />
En salle, le programme est mis en espace et en jeu.</p>

<p>Marie ESTEVE (12 choristes) Chants du monde de tradition orale La Caravane la Vida explore des chants polyphoniques de tradition orale pour la plupart et de différentes cultures. Les chants sont interprétés en choeur ou trio duo , solos.. En salle, le programme est mis en espace et en jeu.</p>
