{"id":165,"date":"2024-05-02T12:22:56","date_gmt":"2024-05-02T12:22:56","guid":{"rendered":"https:\/\/www.bugnion.org\/~denis\/cecheki\/?page_id=165"},"modified":"2026-04-22T15:06:30","modified_gmt":"2026-04-22T15:06:30","slug":"le-choeur-de-louise","status":"publish","type":"page","link":"https:\/\/www.montreuilsousvoix.fr\/index.php\/chorales\/le-choeur-de-louise\/","title":{"rendered":"LE COEUR DE LOUISE"},"content":{"rendered":"<p><strong>Angela Flahault<\/strong> &nbsp;(25 choristes)<br \/>\n<strong>Chansons, chant du monde<\/strong><\/p>\n<p><img loading=\"lazy\" decoding=\"async\" class=\"size-medium wp-image-828 alignright\" src=\"https:\/\/www.montreuilsousvoix.fr\/wp-content\/uploads\/2026\/04\/le-choeur-de-Louise-300x287.jpg\" alt=\"\" width=\"300\" height=\"287\" srcset=\"https:\/\/www.montreuilsousvoix.fr\/wp-content\/uploads\/2026\/04\/le-choeur-de-Louise-300x287.jpg 300w, https:\/\/www.montreuilsousvoix.fr\/wp-content\/uploads\/2026\/04\/le-choeur-de-Louise-1024x981.jpg 1024w, https:\/\/www.montreuilsousvoix.fr\/wp-content\/uploads\/2026\/04\/le-choeur-de-Louise-768x736.jpg 768w, https:\/\/www.montreuilsousvoix.fr\/wp-content\/uploads\/2026\/04\/le-choeur-de-Louise-1536x1471.jpg 1536w, https:\/\/www.montreuilsousvoix.fr\/wp-content\/uploads\/2026\/04\/le-choeur-de-Louise.jpg 1594w\" sizes=\"auto, (max-width: 300px) 100vw, 300px\" \/>\u00ab\u00a0Le <strong>coeur de Louise<\/strong>\u00a0\u00bb est une chorale d&rsquo;adultes qui se r\u00e9unit depuis de nombreuses ann\u00e9es autour du plaisir de chanter ensemble. Le r\u00e9pertoire va de la chanson fran\u00e7aise aux chants du monde, de la musique traditionnelle, a des chants plus actuels.<br \/>\nN&rsquo;ayons pas peur des grands \u00e9carts, nos glottes sont bien accroch\u00e9es.<\/p>\n","protected":false},"excerpt":{"rendered":"<p>Angela Flahault &nbsp;(25 choristes) Chansons, chant du monde \u00ab\u00a0Le coeur de Louise\u00a0\u00bb est une chorale d&rsquo;adultes qui se r\u00e9unit depuis de nombreuses ann\u00e9es autour du plaisir de chanter ensemble. Le r\u00e9pertoire va de la chanson fran\u00e7aise aux chants du monde, de la musique traditionnelle, a des chants plus actuels. N&rsquo;ayons pas peur des grands \u00e9carts, &hellip; <a href=\"https:\/\/www.montreuilsousvoix.fr\/index.php\/chorales\/le-choeur-de-louise\/\" class=\"more-link\">Continuer la lecture de <span class=\"screen-reader-text\">LE COEUR DE LOUISE<\/span><\/a><\/p>\n","protected":false},"author":3,"featured_media":0,"parent":107,"menu_order":1,"comment_status":"closed","ping_status":"closed","template":"","meta":{"ngg_post_thumbnail":0,"footnotes":""},"class_list":["post-165","page","type-page","status-publish","hentry"],"aioseo_notices":[],"_links":{"self":[{"href":"https:\/\/www.montreuilsousvoix.fr\/index.php\/wp-json\/wp\/v2\/pages\/165","targetHints":{"allow":["GET"]}}],"collection":[{"href":"https:\/\/www.montreuilsousvoix.fr\/index.php\/wp-json\/wp\/v2\/pages"}],"about":[{"href":"https:\/\/www.montreuilsousvoix.fr\/index.php\/wp-json\/wp\/v2\/types\/page"}],"author":[{"embeddable":true,"href":"https:\/\/www.montreuilsousvoix.fr\/index.php\/wp-json\/wp\/v2\/users\/3"}],"replies":[{"embeddable":true,"href":"https:\/\/www.montreuilsousvoix.fr\/index.php\/wp-json\/wp\/v2\/comments?post=165"}],"version-history":[{"count":6,"href":"https:\/\/www.montreuilsousvoix.fr\/index.php\/wp-json\/wp\/v2\/pages\/165\/revisions"}],"predecessor-version":[{"id":854,"href":"https:\/\/www.montreuilsousvoix.fr\/index.php\/wp-json\/wp\/v2\/pages\/165\/revisions\/854"}],"up":[{"embeddable":true,"href":"https:\/\/www.montreuilsousvoix.fr\/index.php\/wp-json\/wp\/v2\/pages\/107"}],"wp:attachment":[{"href":"https:\/\/www.montreuilsousvoix.fr\/index.php\/wp-json\/wp\/v2\/media?parent=165"}],"curies":[{"name":"wp","href":"https:\/\/api.w.org\/{rel}","templated":true}]}}

<p><strong>Angela Flahault</strong> &nbsp;(25 choristes)<br />
<strong>Chansons, chant du monde</strong></p>
<p><img loading="lazy" decoding="async" class="size-medium wp-image-828 alignright" src="https://www.montreuilsousvoix.fr/wp-content/uploads/2026/04/le-choeur-de-Louise-300x287.jpg" alt="" width="300" height="287" srcset="https://www.montreuilsousvoix.fr/wp-content/uploads/2026/04/le-choeur-de-Louise-300x287.jpg 300w, https://www.montreuilsousvoix.fr/wp-content/uploads/2026/04/le-choeur-de-Louise-1024x981.jpg 1024w, https://www.montreuilsousvoix.fr/wp-content/uploads/2026/04/le-choeur-de-Louise-768x736.jpg 768w, https://www.montreuilsousvoix.fr/wp-content/uploads/2026/04/le-choeur-de-Louise-1536x1471.jpg 1536w, https://www.montreuilsousvoix.fr/wp-content/uploads/2026/04/le-choeur-de-Louise.jpg 1594w" sizes="auto, (max-width: 300px) 100vw, 300px" />« Le <strong>coeur de Louise</strong> » est une chorale d&rsquo;adultes qui se réunit depuis de nombreuses années autour du plaisir de chanter ensemble. Le répertoire va de la chanson française aux chants du monde, de la musique traditionnelle, a des chants plus actuels.<br />
N&rsquo;ayons pas peur des grands écarts, nos glottes sont bien accrochées.</p>

<p>Angela Flahault &nbsp;(25 choristes) Chansons, chant du monde « Le coeur de Louise » est une chorale d&rsquo;adultes qui se réunit depuis de nombreuses années autour du plaisir de chanter ensemble. Le répertoire va de la chanson française aux chants du monde, de la musique traditionnelle, a des chants plus actuels. N&rsquo;ayons pas peur des grands écarts, &hellip; <a href="https://www.montreuilsousvoix.fr/index.php/chorales/le-choeur-de-louise/" class="more-link">Continuer la lecture de <span class="screen-reader-text">LE COEUR DE LOUISE</span></a></p>
