{"id":191,"date":"2024-05-02T12:37:37","date_gmt":"2024-05-02T12:37:37","guid":{"rendered":"https:\/\/www.bugnion.org\/~denis\/cecheki\/?page_id=191"},"modified":"2026-04-06T13:33:10","modified_gmt":"2026-04-06T13:33:10","slug":"les-oies-sauvages","status":"publish","type":"page","link":"https:\/\/www.montreuilsousvoix.fr\/index.php\/chorales\/les-oies-sauvages\/","title":{"rendered":"LES OIES SAUVAGES"},"content":{"rendered":"<p><strong>Isabelle Mambour<\/strong> (24 choristes)<br \/>\n<strong>Chanson fran\u00e7aise engag\u00e9e<\/strong><\/p>\n<p><img loading=\"lazy\" decoding=\"async\" class=\"size-medium wp-image-705 alignright\" src=\"https:\/\/www.montreuilsousvoix.fr\/wp-content\/uploads\/2026\/04\/Il-etait-une-voix-dans-lest-photo-1-300x194.jpg\" alt=\"\" width=\"300\" height=\"194\" srcset=\"https:\/\/www.montreuilsousvoix.fr\/wp-content\/uploads\/2026\/04\/Il-etait-une-voix-dans-lest-photo-1-300x194.jpg 300w, https:\/\/www.montreuilsousvoix.fr\/wp-content\/uploads\/2026\/04\/Il-etait-une-voix-dans-lest-photo-1-1024x662.jpg 1024w, https:\/\/www.montreuilsousvoix.fr\/wp-content\/uploads\/2026\/04\/Il-etait-une-voix-dans-lest-photo-1-768x497.jpg 768w, https:\/\/www.montreuilsousvoix.fr\/wp-content\/uploads\/2026\/04\/Il-etait-une-voix-dans-lest-photo-1.jpg 1453w\" sizes=\"auto, (max-width: 300px) 100vw, 300px\" \/>Ensemble vocal adulte autour d&rsquo;une pianiste accompagnatrice cheffe de choeur qui r\u00e9alise les arrangements de chansons fran\u00e7aises choisies collectivement, privil\u00e9giant les textes engag\u00e9s contre toutes les injustices, contre la morosit\u00e9, mais aussi pour la solidarit\u00e9 et l&rsquo;humanisme.<\/p>\n","protected":false},"excerpt":{"rendered":"<p>Isabelle Mambour (24 choristes) Chanson fran\u00e7aise engag\u00e9e Ensemble vocal adulte autour d&rsquo;une pianiste accompagnatrice cheffe de choeur qui r\u00e9alise les arrangements de chansons fran\u00e7aises choisies collectivement, privil\u00e9giant les textes engag\u00e9s contre toutes les injustices, contre la morosit\u00e9, mais aussi pour la solidarit\u00e9 et l&rsquo;humanisme.<\/p>\n","protected":false},"author":3,"featured_media":0,"parent":107,"menu_order":1,"comment_status":"closed","ping_status":"closed","template":"","meta":{"ngg_post_thumbnail":0,"footnotes":""},"class_list":["post-191","page","type-page","status-publish","hentry"],"aioseo_notices":[],"_links":{"self":[{"href":"https:\/\/www.montreuilsousvoix.fr\/index.php\/wp-json\/wp\/v2\/pages\/191","targetHints":{"allow":["GET"]}}],"collection":[{"href":"https:\/\/www.montreuilsousvoix.fr\/index.php\/wp-json\/wp\/v2\/pages"}],"about":[{"href":"https:\/\/www.montreuilsousvoix.fr\/index.php\/wp-json\/wp\/v2\/types\/page"}],"author":[{"embeddable":true,"href":"https:\/\/www.montreuilsousvoix.fr\/index.php\/wp-json\/wp\/v2\/users\/3"}],"replies":[{"embeddable":true,"href":"https:\/\/www.montreuilsousvoix.fr\/index.php\/wp-json\/wp\/v2\/comments?post=191"}],"version-history":[{"count":5,"href":"https:\/\/www.montreuilsousvoix.fr\/index.php\/wp-json\/wp\/v2\/pages\/191\/revisions"}],"predecessor-version":[{"id":804,"href":"https:\/\/www.montreuilsousvoix.fr\/index.php\/wp-json\/wp\/v2\/pages\/191\/revisions\/804"}],"up":[{"embeddable":true,"href":"https:\/\/www.montreuilsousvoix.fr\/index.php\/wp-json\/wp\/v2\/pages\/107"}],"wp:attachment":[{"href":"https:\/\/www.montreuilsousvoix.fr\/index.php\/wp-json\/wp\/v2\/media?parent=191"}],"curies":[{"name":"wp","href":"https:\/\/api.w.org\/{rel}","templated":true}]}}