{"id":200,"date":"2024-05-02T12:43:59","date_gmt":"2024-05-02T12:43:59","guid":{"rendered":"https:\/\/www.bugnion.org\/~denis\/cecheki\/?page_id=200"},"modified":"2026-04-04T15:35:02","modified_gmt":"2026-04-04T15:35:02","slug":"toujours-les-memes","status":"publish","type":"page","link":"https:\/\/www.montreuilsousvoix.fr\/index.php\/chorales\/toujours-les-memes\/","title":{"rendered":"TOUJOURS LES M\u00caMES"},"content":{"rendered":"<p><strong>V\u00e9ronique RAVIER<\/strong> &amp; <strong>Philippe GAUTIER<\/strong> (environ 15 choristes)<br \/>\n<strong>Chansons po\u00e9tiques et d\u00e9capentes<\/strong><\/p>\n<p><img loading=\"lazy\" decoding=\"async\" class=\" wp-image-686 alignright\" src=\"https:\/\/www.montreuilsousvoix.fr\/wp-content\/uploads\/2026\/04\/ToujoursLesMemes-Photo-300x190.jpg\" alt=\"\" width=\"339\" height=\"215\" srcset=\"https:\/\/www.montreuilsousvoix.fr\/wp-content\/uploads\/2026\/04\/ToujoursLesMemes-Photo-300x190.jpg 300w, https:\/\/www.montreuilsousvoix.fr\/wp-content\/uploads\/2026\/04\/ToujoursLesMemes-Photo-1024x647.jpg 1024w, https:\/\/www.montreuilsousvoix.fr\/wp-content\/uploads\/2026\/04\/ToujoursLesMemes-Photo-768x485.jpg 768w, https:\/\/www.montreuilsousvoix.fr\/wp-content\/uploads\/2026\/04\/ToujoursLesMemes-Photo-1536x971.jpg 1536w, https:\/\/www.montreuilsousvoix.fr\/wp-content\/uploads\/2026\/04\/ToujoursLesMemes-Photo-2048x1294.jpg 2048w\" sizes=\"auto, (max-width: 339px) 100vw, 339px\" \/>Ce collectif doucement f\u00eal\u00e9 cultive humour et joie de vivre sans jamais fermer les yeux sur les absurdit\u00e9s et faiblesses du monde.<br \/>\nIelles chantent, jouent, dansent les chansons originales compos\u00e9es principalement par Gabriel Levasseur et Philippe Gauthier dans des mises en sc\u00e8ne d\u00e9cal\u00e9es et loufoques.<\/p>\n<p><a href=\"https:\/\/fr-fr.facebook.com\/toujourslesmemes\/\" target=\"_blank\" rel=\"noopener\">Page Facebook\/ Toujours les m\u00eames<\/a><\/p>\n<p><img loading=\"lazy\" decoding=\"async\" class=\" wp-image-685 aligncenter\" src=\"https:\/\/www.montreuilsousvoix.fr\/wp-content\/uploads\/2026\/04\/ToujoursLesMemes-Logo-300x292.jpg\" alt=\"\" width=\"258\" height=\"251\" srcset=\"https:\/\/www.montreuilsousvoix.fr\/wp-content\/uploads\/2026\/04\/ToujoursLesMemes-Logo-300x292.jpg 300w, https:\/\/www.montreuilsousvoix.fr\/wp-content\/uploads\/2026\/04\/ToujoursLesMemes-Logo-1024x998.jpg 1024w, https:\/\/www.montreuilsousvoix.fr\/wp-content\/uploads\/2026\/04\/ToujoursLesMemes-Logo-768x748.jpg 768w, https:\/\/www.montreuilsousvoix.fr\/wp-content\/uploads\/2026\/04\/ToujoursLesMemes-Logo-1536x1497.jpg 1536w, https:\/\/www.montreuilsousvoix.fr\/wp-content\/uploads\/2026\/04\/ToujoursLesMemes-Logo.jpg 1772w\" sizes=\"auto, (max-width: 258px) 100vw, 258px\" \/><\/p>\n","protected":false},"excerpt":{"rendered":"<p>V\u00e9ronique RAVIER &amp; Philippe GAUTIER (environ 15 choristes) Chansons po\u00e9tiques et d\u00e9capentes Ce collectif doucement f\u00eal\u00e9 cultive humour et joie de vivre sans jamais fermer les yeux sur les absurdit\u00e9s et faiblesses du monde. Ielles chantent, jouent, dansent les chansons originales compos\u00e9es principalement par Gabriel Levasseur et Philippe Gauthier dans des mises en sc\u00e8ne d\u00e9cal\u00e9es &hellip; <a href=\"https:\/\/www.montreuilsousvoix.fr\/index.php\/chorales\/toujours-les-memes\/\" class=\"more-link\">Continuer la lecture de <span class=\"screen-reader-text\">TOUJOURS LES M\u00caMES<\/span><\/a><\/p>\n","protected":false},"author":3,"featured_media":0,"parent":107,"menu_order":1,"comment_status":"closed","ping_status":"closed","template":"","meta":{"ngg_post_thumbnail":0,"footnotes":""},"class_list":["post-200","page","type-page","status-publish","hentry"],"aioseo_notices":[],"_links":{"self":[{"href":"https:\/\/www.montreuilsousvoix.fr\/index.php\/wp-json\/wp\/v2\/pages\/200","targetHints":{"allow":["GET"]}}],"collection":[{"href":"https:\/\/www.montreuilsousvoix.fr\/index.php\/wp-json\/wp\/v2\/pages"}],"about":[{"href":"https:\/\/www.montreuilsousvoix.fr\/index.php\/wp-json\/wp\/v2\/types\/page"}],"author":[{"embeddable":true,"href":"https:\/\/www.montreuilsousvoix.fr\/index.php\/wp-json\/wp\/v2\/users\/3"}],"replies":[{"embeddable":true,"href":"https:\/\/www.montreuilsousvoix.fr\/index.php\/wp-json\/wp\/v2\/comments?post=200"}],"version-history":[{"count":6,"href":"https:\/\/www.montreuilsousvoix.fr\/index.php\/wp-json\/wp\/v2\/pages\/200\/revisions"}],"predecessor-version":[{"id":794,"href":"https:\/\/www.montreuilsousvoix.fr\/index.php\/wp-json\/wp\/v2\/pages\/200\/revisions\/794"}],"up":[{"embeddable":true,"href":"https:\/\/www.montreuilsousvoix.fr\/index.php\/wp-json\/wp\/v2\/pages\/107"}],"wp:attachment":[{"href":"https:\/\/www.montreuilsousvoix.fr\/index.php\/wp-json\/wp\/v2\/media?parent=200"}],"curies":[{"name":"wp","href":"https:\/\/api.w.org\/{rel}","templated":true}]}}

TOUJOURS LES MÊMES

<p><strong>Véronique RAVIER</strong> &amp; <strong>Philippe GAUTIER</strong> (environ 15 choristes)<br />
<strong>Chansons poétiques et décapentes</strong></p>
<p><img loading="lazy" decoding="async" class=" wp-image-686 alignright" src="https://www.montreuilsousvoix.fr/wp-content/uploads/2026/04/ToujoursLesMemes-Photo-300x190.jpg" alt="" width="339" height="215" srcset="https://www.montreuilsousvoix.fr/wp-content/uploads/2026/04/ToujoursLesMemes-Photo-300x190.jpg 300w, https://www.montreuilsousvoix.fr/wp-content/uploads/2026/04/ToujoursLesMemes-Photo-1024x647.jpg 1024w, https://www.montreuilsousvoix.fr/wp-content/uploads/2026/04/ToujoursLesMemes-Photo-768x485.jpg 768w, https://www.montreuilsousvoix.fr/wp-content/uploads/2026/04/ToujoursLesMemes-Photo-1536x971.jpg 1536w, https://www.montreuilsousvoix.fr/wp-content/uploads/2026/04/ToujoursLesMemes-Photo-2048x1294.jpg 2048w" sizes="auto, (max-width: 339px) 100vw, 339px" />Ce collectif doucement fêlé cultive humour et joie de vivre sans jamais fermer les yeux sur les absurdités et faiblesses du monde.<br />
Ielles chantent, jouent, dansent les chansons originales composées principalement par Gabriel Levasseur et Philippe Gauthier dans des mises en scène décalées et loufoques.</p>
<p><a href="https://fr-fr.facebook.com/toujourslesmemes/" target="_blank" rel="noopener">Page Facebook/ Toujours les mêmes</a></p>
<p><img loading="lazy" decoding="async" class=" wp-image-685 aligncenter" src="https://www.montreuilsousvoix.fr/wp-content/uploads/2026/04/ToujoursLesMemes-Logo-300x292.jpg" alt="" width="258" height="251" srcset="https://www.montreuilsousvoix.fr/wp-content/uploads/2026/04/ToujoursLesMemes-Logo-300x292.jpg 300w, https://www.montreuilsousvoix.fr/wp-content/uploads/2026/04/ToujoursLesMemes-Logo-1024x998.jpg 1024w, https://www.montreuilsousvoix.fr/wp-content/uploads/2026/04/ToujoursLesMemes-Logo-768x748.jpg 768w, https://www.montreuilsousvoix.fr/wp-content/uploads/2026/04/ToujoursLesMemes-Logo-1536x1497.jpg 1536w, https://www.montreuilsousvoix.fr/wp-content/uploads/2026/04/ToujoursLesMemes-Logo.jpg 1772w" sizes="auto, (max-width: 258px) 100vw, 258px" /></p>

<p>Véronique RAVIER &amp; Philippe GAUTIER (environ 15 choristes) Chansons poétiques et décapentes Ce collectif doucement fêlé cultive humour et joie de vivre sans jamais fermer les yeux sur les absurdités et faiblesses du monde. Ielles chantent, jouent, dansent les chansons originales composées principalement par Gabriel Levasseur et Philippe Gauthier dans des mises en scène décalées &hellip; <a href="https://www.montreuilsousvoix.fr/index.php/chorales/toujours-les-memes/" class="more-link">Continuer la lecture de <span class="screen-reader-text">TOUJOURS LES MÊMES</span></a></p>
