{"id":376,"date":"2024-07-03T13:51:34","date_gmt":"2024-07-03T13:51:34","guid":{"rendered":"https:\/\/www.montreuilsousvoix.fr\/?page_id=376"},"modified":"2025-11-18T14:48:43","modified_gmt":"2025-11-18T14:48:43","slug":"les-photos","status":"publish","type":"page","link":"https:\/\/www.montreuilsousvoix.fr\/index.php\/montreuil-sous-voix-edition-2024\/les-photos\/","title":{"rendered":"Les photos 2024 !"},"content":{"rendered":"<p>Merci aux photographes d&rsquo;ici ou d&rsquo;ailleurs pour la captation de ces beaux moments de chanson&#8230;<\/p>\nngg_shortcode_0_placeholder\n<p>&nbsp;<\/p>\n<p>&nbsp;<\/p>\n<pre class=\"wp-block-image size-full\">Ce festival est organis\u00e9 par l'association des commer\u00e7ants du <a href=\"https:\/\/www.facebook.com\/coeurdemontreuil\/\" target=\"_blank\" rel=\"noopener\">Coeur de Montreuil<\/a> <img loading=\"lazy\" decoding=\"async\" class=\"alignnone wp-image-239\" src=\"https:\/\/www.montreuilsousvoix.fr\/wp-content\/uploads\/2024\/05\/CoeurDeMontreuil-logo-300x300.jpg\" sizes=\"auto, (max-width: 24px) 100vw, 24px\" srcset=\"\/wp-content\/uploads\/2024\/05\/CoeurDeMontreuil-logo-300x300.jpg 300w,\/wp-content\/uploads\/2024\/05\/CoeurDeMontreuil-logo-150x150.jpg 150w,\/wp-content\/uploads\/2024\/05\/CoeurDeMontreuil-logo.jpg 545w\" alt=\"\" width=\"20\" height=\"20\"> et <a href=\"http:\/\/choralececheki.free.fr\/\" target=\"_blank\" rel=\"noopener\">l'association C\u00e9ch\u00e8ki<\/a> <img loading=\"lazy\" decoding=\"async\" class=\"alignnone wp-image-240\" src=\"https:\/\/www.montreuilsousvoix.fr\/wp-content\/uploads\/2024\/05\/cecheki_rouge-300x133.png\" sizes=\"auto, (max-width: 54px) 100vw, 54px\" srcset=\"\/wp-content\/uploads\/2024\/05\/cecheki_rouge-300x133.png 300w,\/wp-content\/uploads\/2024\/05\/cecheki_rouge.png 687w\" alt=\"\" width=\"45\" height=\"20\"> avec le soutien de b\u00e9n\u00e9voles de chorales montreuilloises ou d'ailleurs et de la municipalit\u00e9 de <a href=\"https:\/\/www.montreuil.fr\/\" target=\"_blank\" rel=\"noopener\">Montreuil<\/a> <img loading=\"lazy\" decoding=\"async\" class=\"alignnone wp-image-285\" src=\"https:\/\/www.montreuilsousvoix.fr\/wp-content\/uploads\/2024\/05\/MairieMontreuil-logo-300x247.jpg\" sizes=\"auto, (max-width: 24px) 100vw, 24px\" srcset=\"https:\/\/www.montreuilsousvoix.fr\/wp-content\/uploads\/2024\/05\/MairieMontreuil-logo-300x247.jpg 300w, https:\/\/www.montreuilsousvoix.fr\/wp-content\/uploads\/2024\/05\/MairieMontreuil-logo.jpg 600w\" alt=\"\" width=\"24\" height=\"20\">.<\/pre>\n","protected":false},"excerpt":{"rendered":"<p>Merci aux photographes d&rsquo;ici ou d&rsquo;ailleurs pour la captation de ces beaux moments de chanson&#8230; &nbsp; &nbsp; &nbsp; Ce festival est organis\u00e9 par l&rsquo;association des commer\u00e7ants du Coeur de Montreuil et l&rsquo;association C\u00e9ch\u00e8ki avec le soutien de b\u00e9n\u00e9voles de chorales montreuilloises ou d&rsquo;ailleurs et de la municipalit\u00e9 de Montreuil .<\/p>\n","protected":false},"author":3,"featured_media":0,"parent":467,"menu_order":1,"comment_status":"closed","ping_status":"closed","template":"","meta":{"ngg_post_thumbnail":0,"footnotes":""},"class_list":["post-376","page","type-page","status-publish","hentry"],"aioseo_notices":[],"_links":{"self":[{"href":"https:\/\/www.montreuilsousvoix.fr\/index.php\/wp-json\/wp\/v2\/pages\/376","targetHints":{"allow":["GET"]}}],"collection":[{"href":"https:\/\/www.montreuilsousvoix.fr\/index.php\/wp-json\/wp\/v2\/pages"}],"about":[{"href":"https:\/\/www.montreuilsousvoix.fr\/index.php\/wp-json\/wp\/v2\/types\/page"}],"author":[{"embeddable":true,"href":"https:\/\/www.montreuilsousvoix.fr\/index.php\/wp-json\/wp\/v2\/users\/3"}],"replies":[{"embeddable":true,"href":"https:\/\/www.montreuilsousvoix.fr\/index.php\/wp-json\/wp\/v2\/comments?post=376"}],"version-history":[{"count":12,"href":"https:\/\/www.montreuilsousvoix.fr\/index.php\/wp-json\/wp\/v2\/pages\/376\/revisions"}],"predecessor-version":[{"id":544,"href":"https:\/\/www.montreuilsousvoix.fr\/index.php\/wp-json\/wp\/v2\/pages\/376\/revisions\/544"}],"up":[{"embeddable":true,"href":"https:\/\/www.montreuilsousvoix.fr\/index.php\/wp-json\/wp\/v2\/pages\/467"}],"wp:attachment":[{"href":"https:\/\/www.montreuilsousvoix.fr\/index.php\/wp-json\/wp\/v2\/media?parent=376"}],"curies":[{"name":"wp","href":"https:\/\/api.w.org\/{rel}","templated":true}]}}

<p>Merci aux photographes d&rsquo;ici ou d&rsquo;ailleurs pour la captation de ces beaux moments de chanson&#8230;</p>
ngg_shortcode_0_placeholder
<p>&nbsp;</p>
<p>&nbsp;</p>
<pre class="wp-block-image size-full">Ce festival est organisé par l'association des commerçants du <a href="https://www.facebook.com/coeurdemontreuil/" target="_blank" rel="noopener">Coeur de Montreuil</a> <img loading="lazy" decoding="async" class="alignnone wp-image-239" src="https://www.montreuilsousvoix.fr/wp-content/uploads/2024/05/CoeurDeMontreuil-logo-300x300.jpg" sizes="auto, (max-width: 24px) 100vw, 24px" srcset="/wp-content/uploads/2024/05/CoeurDeMontreuil-logo-300x300.jpg 300w,/wp-content/uploads/2024/05/CoeurDeMontreuil-logo-150x150.jpg 150w,/wp-content/uploads/2024/05/CoeurDeMontreuil-logo.jpg 545w" alt="" width="20" height="20"> et <a href="http://choralececheki.free.fr/" target="_blank" rel="noopener">l'association Céchèki</a> <img loading="lazy" decoding="async" class="alignnone wp-image-240" src="https://www.montreuilsousvoix.fr/wp-content/uploads/2024/05/cecheki_rouge-300x133.png" sizes="auto, (max-width: 54px) 100vw, 54px" srcset="/wp-content/uploads/2024/05/cecheki_rouge-300x133.png 300w,/wp-content/uploads/2024/05/cecheki_rouge.png 687w" alt="" width="45" height="20"> avec le soutien de bénévoles de chorales montreuilloises ou d'ailleurs et de la municipalité de <a href="https://www.montreuil.fr/" target="_blank" rel="noopener">Montreuil</a> <img loading="lazy" decoding="async" class="alignnone wp-image-285" src="https://www.montreuilsousvoix.fr/wp-content/uploads/2024/05/MairieMontreuil-logo-300x247.jpg" sizes="auto, (max-width: 24px) 100vw, 24px" srcset="https://www.montreuilsousvoix.fr/wp-content/uploads/2024/05/MairieMontreuil-logo-300x247.jpg 300w, https://www.montreuilsousvoix.fr/wp-content/uploads/2024/05/MairieMontreuil-logo.jpg 600w" alt="" width="24" height="20">.</pre>

<p>Merci aux photographes d&rsquo;ici ou d&rsquo;ailleurs pour la captation de ces beaux moments de chanson&#8230; &nbsp; &nbsp; &nbsp; Ce festival est organisé par l&rsquo;association des commerçants du Coeur de Montreuil et l&rsquo;association Céchèki avec le soutien de bénévoles de chorales montreuilloises ou d&rsquo;ailleurs et de la municipalité de Montreuil .</p>
