{"id":497,"date":"2025-05-23T08:41:51","date_gmt":"2025-05-23T08:41:51","guid":{"rendered":"https:\/\/www.montreuilsousvoix.fr\/?page_id=497"},"modified":"2026-04-04T14:53:54","modified_gmt":"2026-04-04T14:53:54","slug":"les-brigades-louise-michel","status":"publish","type":"page","link":"https:\/\/www.montreuilsousvoix.fr\/index.php\/chorales\/les-brigades-louise-michel\/","title":{"rendered":"LES BRIGADES LOUISE MICHEL"},"content":{"rendered":"<p><strong>Pas de chef de ch\u0153ur <\/strong>(Entre 15 et 30 choristes)<strong><br \/>\nChants de La Commune et autres chants de lutte<br \/>\n<\/strong><\/p>\n<p><img loading=\"lazy\" decoding=\"async\" class=\" wp-image-428 alignright\" src=\"https:\/\/www.montreuilsousvoix.fr\/wp-content\/uploads\/2025\/05\/MSV2025-Les-Brigades-Louise-Michel-1024x768.jpeg\" alt=\"\" width=\"449\" height=\"337\" srcset=\"https:\/\/www.montreuilsousvoix.fr\/wp-content\/uploads\/2025\/05\/MSV2025-Les-Brigades-Louise-Michel-1024x768.jpeg 1024w, https:\/\/www.montreuilsousvoix.fr\/wp-content\/uploads\/2025\/05\/MSV2025-Les-Brigades-Louise-Michel-300x225.jpeg 300w, https:\/\/www.montreuilsousvoix.fr\/wp-content\/uploads\/2025\/05\/MSV2025-Les-Brigades-Louise-Michel-768x576.jpeg 768w, https:\/\/www.montreuilsousvoix.fr\/wp-content\/uploads\/2025\/05\/MSV2025-Les-Brigades-Louise-Michel-1536x1152.jpeg 1536w, https:\/\/www.montreuilsousvoix.fr\/wp-content\/uploads\/2025\/05\/MSV2025-Les-Brigades-Louise-Michel.jpeg 1600w\" sizes=\"auto, (max-width: 449px) 100vw, 449px\" \/>Cr\u00e9e\u00e9 en 2021, Choeur sauvage de la Commune de Paris, pour continuer \u00e0 la faire vivre \u00e0 travers ses chants de lutte.<br \/>\nMouvement spontan\u00e9 collectif et militant&#8230;sans r\u00e9p\u00e9titions r\u00e9guli\u00e8res.<\/p>\n<p><a href=\"https:\/\/www.facebook.com\/brigadeslouisemichel\" target=\"_blank\" rel=\"noopener\">Page Facebook des Brigades Louise Michel<\/a><\/p>\n<p><img loading=\"lazy\" decoding=\"async\" class=\"aligncenter wp-image-695\" src=\"https:\/\/www.montreuilsousvoix.fr\/wp-content\/uploads\/2026\/04\/BrigadeLouiseMichel-Logo-300x259.jpg\" alt=\"\" width=\"262\" height=\"226\" srcset=\"https:\/\/www.montreuilsousvoix.fr\/wp-content\/uploads\/2026\/04\/BrigadeLouiseMichel-Logo-300x259.jpg 300w, https:\/\/www.montreuilsousvoix.fr\/wp-content\/uploads\/2026\/04\/BrigadeLouiseMichel-Logo-1024x883.jpg 1024w, https:\/\/www.montreuilsousvoix.fr\/wp-content\/uploads\/2026\/04\/BrigadeLouiseMichel-Logo-768x662.jpg 768w, https:\/\/www.montreuilsousvoix.fr\/wp-content\/uploads\/2026\/04\/BrigadeLouiseMichel-Logo.jpg 1192w\" sizes=\"auto, (max-width: 262px) 100vw, 262px\" \/><\/p>\n","protected":false},"excerpt":{"rendered":"<p>Pas de chef de ch\u0153ur (Entre 15 et 30 choristes) Chants de La Commune et autres chants de lutte Cr\u00e9e\u00e9 en 2021, Choeur sauvage de la Commune de Paris, pour continuer \u00e0 la faire vivre \u00e0 travers ses chants de lutte. Mouvement spontan\u00e9 collectif et militant&#8230;sans r\u00e9p\u00e9titions r\u00e9guli\u00e8res. Page Facebook des Brigades Louise Michel<\/p>\n","protected":false},"author":3,"featured_media":0,"parent":107,"menu_order":1,"comment_status":"closed","ping_status":"closed","template":"","meta":{"ngg_post_thumbnail":0,"footnotes":""},"class_list":["post-497","page","type-page","status-publish","hentry"],"aioseo_notices":[],"_links":{"self":[{"href":"https:\/\/www.montreuilsousvoix.fr\/index.php\/wp-json\/wp\/v2\/pages\/497","targetHints":{"allow":["GET"]}}],"collection":[{"href":"https:\/\/www.montreuilsousvoix.fr\/index.php\/wp-json\/wp\/v2\/pages"}],"about":[{"href":"https:\/\/www.montreuilsousvoix.fr\/index.php\/wp-json\/wp\/v2\/types\/page"}],"author":[{"embeddable":true,"href":"https:\/\/www.montreuilsousvoix.fr\/index.php\/wp-json\/wp\/v2\/users\/3"}],"replies":[{"embeddable":true,"href":"https:\/\/www.montreuilsousvoix.fr\/index.php\/wp-json\/wp\/v2\/comments?post=497"}],"version-history":[{"count":6,"href":"https:\/\/www.montreuilsousvoix.fr\/index.php\/wp-json\/wp\/v2\/pages\/497\/revisions"}],"predecessor-version":[{"id":770,"href":"https:\/\/www.montreuilsousvoix.fr\/index.php\/wp-json\/wp\/v2\/pages\/497\/revisions\/770"}],"up":[{"embeddable":true,"href":"https:\/\/www.montreuilsousvoix.fr\/index.php\/wp-json\/wp\/v2\/pages\/107"}],"wp:attachment":[{"href":"https:\/\/www.montreuilsousvoix.fr\/index.php\/wp-json\/wp\/v2\/media?parent=497"}],"curies":[{"name":"wp","href":"https:\/\/api.w.org\/{rel}","templated":true}]}}