{"id":661,"date":"2026-04-03T08:20:45","date_gmt":"2026-04-03T08:20:45","guid":{"rendered":"https:\/\/www.montreuilsousvoix.fr\/?page_id=661"},"modified":"2026-04-03T08:20:45","modified_gmt":"2026-04-03T08:20:45","slug":"montreuil-sous-voix-edition-2025","status":"publish","type":"page","link":"https:\/\/www.montreuilsousvoix.fr\/index.php\/montreuil-sous-voix-edition-2025\/","title":{"rendered":"Montreuil Sous Voix \u00e9dition 2025"},"content":{"rendered":"<h3><strong>Le samedi 14 Juin 2025 <\/strong>fut une tr\u00e8s belle \u00e9dition !<\/h3>\n<h4>Un grand MERCI \u00e0 toutes les chorales pour leur participation, leur \u00e9nergie et leurs belles chansons !<\/h4>\n<p><i><img loading=\"lazy\" decoding=\"async\" class=\" wp-image-460 alignleft\" src=\"https:\/\/www.montreuilsousvoix.fr\/wp-content\/uploads\/2025\/05\/MSV2025-AFFICHE-724x1024.jpg\" sizes=\"auto, (max-width: 222px) 100vw, 222px\" srcset=\"https:\/\/www.montreuilsousvoix.fr\/wp-content\/uploads\/2025\/05\/MSV2025-AFFICHE-724x1024.jpg 724w, https:\/\/www.montreuilsousvoix.fr\/wp-content\/uploads\/2025\/05\/MSV2025-AFFICHE-212x300.jpg 212w, https:\/\/www.montreuilsousvoix.fr\/wp-content\/uploads\/2025\/05\/MSV2025-AFFICHE-768x1086.jpg 768w, https:\/\/www.montreuilsousvoix.fr\/wp-content\/uploads\/2025\/05\/MSV2025-AFFICHE-1086x1536.jpg 1086w, https:\/\/www.montreuilsousvoix.fr\/wp-content\/uploads\/2025\/05\/MSV2025-AFFICHE-1448x2048.jpg 1448w, https:\/\/www.montreuilsousvoix.fr\/wp-content\/uploads\/2025\/05\/MSV2025-AFFICHE-scaled.jpg 1810w\" alt=\"\" width=\"206\" height=\"291\"><\/i>Merci \u00e9norm\u00e9ment aux nombreux\u00b7ses b\u00e9n\u00e9voles de chorales&nbsp; montreuilloises&nbsp; ou d\u2019ailleurs qui nous ont apport\u00e9 une aide pr\u00e9cieuse\u2026<\/p>\n<p>D\u00e9couvrez le <a href=\"https:\/\/www.montreuilsousvoix.fr\/index.php\/100-2\/reportage-2025\/\">reportage photos de quelques concerts<\/a><\/p>\n<p><a href=\"https:\/\/www.montreuilsousvoix.fr\/index.php\/programme-montreuil-sous-voix-2025\/\">Si vous avez rat\u00e9 le programme 2025, il est toujours l\u00e0<\/a><\/p>\n<p>&nbsp;<\/p>\n<p>&nbsp;<\/p>\n<p><a href=\"https:\/\/www.montreuilsousvoix.fr\/wp-content\/uploads\/2025\/06\/MSV2025-LeMontreuillois.pdf\" target=\"_blank\" rel=\"noopener\">Nous avons eu un superbe article dans la presse Montreuilloise !<\/a><\/p>\n<p><img loading=\"lazy\" decoding=\"async\" class=\"alignnone size-large wp-image-554\" src=\"https:\/\/www.montreuilsousvoix.fr\/wp-content\/uploads\/2025\/06\/MSV2025-LeMontreuillois-711x1024.jpg\" alt=\"\" width=\"660\" height=\"951\" srcset=\"https:\/\/www.montreuilsousvoix.fr\/wp-content\/uploads\/2025\/06\/MSV2025-LeMontreuillois-711x1024.jpg 711w, https:\/\/www.montreuilsousvoix.fr\/wp-content\/uploads\/2025\/06\/MSV2025-LeMontreuillois-208x300.jpg 208w, https:\/\/www.montreuilsousvoix.fr\/wp-content\/uploads\/2025\/06\/MSV2025-LeMontreuillois-768x1106.jpg 768w, https:\/\/www.montreuilsousvoix.fr\/wp-content\/uploads\/2025\/06\/MSV2025-LeMontreuillois.jpg 807w\" sizes=\"auto, (max-width: 660px) 100vw, 660px\" \/><\/p>\n<p>&nbsp;<\/p>\n<pre class=\"wp-block-image size-full\">Ce festival est organis\u00e9 par l'association des commer\u00e7ants du <a href=\"https:\/\/www.facebook.com\/coeurdemontreuil\/\" target=\"_blank\" rel=\"noopener\">Coeur de Montreuil<\/a> <img loading=\"lazy\" decoding=\"async\" class=\"alignnone wp-image-239\" src=\"https:\/\/www.montreuilsousvoix.fr\/wp-content\/uploads\/2024\/05\/CoeurDeMontreuil-logo-300x300.jpg\" sizes=\"auto, (max-width: 24px) 100vw, 24px\" srcset=\"\/wp-content\/uploads\/2024\/05\/CoeurDeMontreuil-logo-300x300.jpg 300w,\/wp-content\/uploads\/2024\/05\/CoeurDeMontreuil-logo-150x150.jpg 150w,\/wp-content\/uploads\/2024\/05\/CoeurDeMontreuil-logo.jpg 545w\" alt=\"\" width=\"20\" height=\"20\"> et <a href=\"http:\/\/choralececheki.free.fr\/\" target=\"_blank\" rel=\"noopener\">l'association C\u00e9ch\u00e8ki<\/a> <img loading=\"lazy\" decoding=\"async\" class=\"alignnone wp-image-240\" src=\"https:\/\/www.montreuilsousvoix.fr\/wp-content\/uploads\/2024\/05\/cecheki_rouge-300x133.png\" sizes=\"auto, (max-width: 54px) 100vw, 54px\" srcset=\"\/wp-content\/uploads\/2024\/05\/cecheki_rouge-300x133.png 300w,\/wp-content\/uploads\/2024\/05\/cecheki_rouge.png 687w\" alt=\"\" width=\"45\" height=\"20\"> avec le soutien de b\u00e9n\u00e9voles de chorales montreuilloises ou d'ailleurs et de la municipalit\u00e9 de <a href=\"https:\/\/www.montreuil.fr\/\" target=\"_blank\" rel=\"noopener\">Montreuil<\/a> <img loading=\"lazy\" decoding=\"async\" class=\"alignnone wp-image-285\" src=\"https:\/\/www.montreuilsousvoix.fr\/wp-content\/uploads\/2024\/05\/MairieMontreuil-logo-300x247.jpg\" sizes=\"auto, (max-width: 24px) 100vw, 24px\" srcset=\"https:\/\/www.montreuilsousvoix.fr\/wp-content\/uploads\/2024\/05\/MairieMontreuil-logo-300x247.jpg 300w, https:\/\/www.montreuilsousvoix.fr\/wp-content\/uploads\/2024\/05\/MairieMontreuil-logo.jpg 600w\" alt=\"\" width=\"24\" height=\"20\">.<\/pre>\n","protected":false},"excerpt":{"rendered":"<p>Le samedi 14 Juin 2025 fut une tr\u00e8s belle \u00e9dition ! Un grand MERCI \u00e0 toutes les chorales pour leur participation, leur \u00e9nergie et leurs belles chansons ! Merci \u00e9norm\u00e9ment aux nombreux\u00b7ses b\u00e9n\u00e9voles de chorales&nbsp; montreuilloises&nbsp; ou d\u2019ailleurs qui nous ont apport\u00e9 une aide pr\u00e9cieuse\u2026 D\u00e9couvrez le reportage photos de quelques concerts Si vous avez &hellip; <a href=\"https:\/\/www.montreuilsousvoix.fr\/index.php\/montreuil-sous-voix-edition-2025\/\" class=\"more-link\">Continuer la lecture de <span class=\"screen-reader-text\">Montreuil Sous Voix \u00e9dition 2025<\/span><\/a><\/p>\n","protected":false},"author":3,"featured_media":0,"parent":0,"menu_order":0,"comment_status":"closed","ping_status":"closed","template":"","meta":{"ngg_post_thumbnail":0,"footnotes":""},"class_list":["post-661","page","type-page","status-publish","hentry"],"aioseo_notices":[],"_links":{"self":[{"href":"https:\/\/www.montreuilsousvoix.fr\/index.php\/wp-json\/wp\/v2\/pages\/661","targetHints":{"allow":["GET"]}}],"collection":[{"href":"https:\/\/www.montreuilsousvoix.fr\/index.php\/wp-json\/wp\/v2\/pages"}],"about":[{"href":"https:\/\/www.montreuilsousvoix.fr\/index.php\/wp-json\/wp\/v2\/types\/page"}],"author":[{"embeddable":true,"href":"https:\/\/www.montreuilsousvoix.fr\/index.php\/wp-json\/wp\/v2\/users\/3"}],"replies":[{"embeddable":true,"href":"https:\/\/www.montreuilsousvoix.fr\/index.php\/wp-json\/wp\/v2\/comments?post=661"}],"version-history":[{"count":3,"href":"https:\/\/www.montreuilsousvoix.fr\/index.php\/wp-json\/wp\/v2\/pages\/661\/revisions"}],"predecessor-version":[{"id":664,"href":"https:\/\/www.montreuilsousvoix.fr\/index.php\/wp-json\/wp\/v2\/pages\/661\/revisions\/664"}],"wp:attachment":[{"href":"https:\/\/www.montreuilsousvoix.fr\/index.php\/wp-json\/wp\/v2\/media?parent=661"}],"curies":[{"name":"wp","href":"https:\/\/api.w.org\/{rel}","templated":true}]}}