{"id":669,"date":"2026-04-03T13:38:58","date_gmt":"2026-04-03T13:38:58","guid":{"rendered":"https:\/\/www.montreuilsousvoix.fr\/?page_id=669"},"modified":"2026-04-03T16:18:32","modified_gmt":"2026-04-03T16:18:32","slug":"choeur-de-lemigration","status":"publish","type":"page","link":"https:\/\/www.montreuilsousvoix.fr\/index.php\/chorales\/choeur-de-lemigration\/","title":{"rendered":"CHOEUR DE L&rsquo;EMIGRATION"},"content":{"rendered":"<p><strong>Anna Andreotti<\/strong> (25 choristes)<br \/>\n<strong>Chants de tradition orale italienne &#8211; chants de lutte<\/strong><\/p>\n<p><img loading=\"lazy\" decoding=\"async\" class=\"wp-image-671 alignright\" src=\"https:\/\/www.montreuilsousvoix.fr\/wp-content\/uploads\/2026\/04\/Choeur-de-lemigration-photo-1024x681.jpeg\" alt=\"\" width=\"265\" height=\"176\" srcset=\"https:\/\/www.montreuilsousvoix.fr\/wp-content\/uploads\/2026\/04\/Choeur-de-lemigration-photo-1024x681.jpeg 1024w, https:\/\/www.montreuilsousvoix.fr\/wp-content\/uploads\/2026\/04\/Choeur-de-lemigration-photo-300x200.jpeg 300w, https:\/\/www.montreuilsousvoix.fr\/wp-content\/uploads\/2026\/04\/Choeur-de-lemigration-photo-768x511.jpeg 768w, https:\/\/www.montreuilsousvoix.fr\/wp-content\/uploads\/2026\/04\/Choeur-de-lemigration-photo.jpeg 1536w\" sizes=\"auto, (max-width: 265px) 100vw, 265px\" \/>Il s&rsquo;est form\u00e9 autour d&rsquo;une envie forte de retrouver des sons oubli\u00e9s, des gestes, des m\u00e9moires disparues. Parmi les chanteurs beaucoup sont d&rsquo;origine italienne, de premi\u00e8re, deuxi\u00e8me, troisi\u00e8me, quatri\u00e8me g\u00e9n\u00e9ration mais aussi beaucoup sont en recherche d&rsquo;un pass\u00e9 pas forcement italien, une puissance du geste vocal qui ram\u00e8ne \u00e0 la terre, aux origines, au sens large du terme. Ils sont professeurs, ch\u00f4meurs (?!), musiciens, com\u00e9diens, \u00e9ducateurs, m\u00e9decins, secr\u00e9taires, stewards, correcteurs, journalistes, ouvriers, maquettistes, \u00e9tudiants, retrait\u00e9s, mais surtout femmes et hommes passionn\u00e9s de la musique traditionnelle italienne !<br \/>\nEnsemble, ils ont trouv\u00e9 un timbre, une couleur, une \u00e9nergie, une musicalit\u00e9, un son, r\u00e9ellement traditionnels.<\/p>\n<p><a href=\"https:\/\/lamaggese.fr\/index.php\/le-choeur-de-lemigration\/\" target=\"_blank\" rel=\"noopener\">https:\/\/lamaggese.fr\/index.php\/le-choeur-de-lemigration\/<\/a><\/p>\n","protected":false},"excerpt":{"rendered":"<p>Anna Andreotti (25 choristes) Chants de tradition orale italienne &#8211; chants de lutte Il s&rsquo;est form\u00e9 autour d&rsquo;une envie forte de retrouver des sons oubli\u00e9s, des gestes, des m\u00e9moires disparues. Parmi les chanteurs beaucoup sont d&rsquo;origine italienne, de premi\u00e8re, deuxi\u00e8me, troisi\u00e8me, quatri\u00e8me g\u00e9n\u00e9ration mais aussi beaucoup sont en recherche d&rsquo;un pass\u00e9 pas forcement italien, une &hellip; <a href=\"https:\/\/www.montreuilsousvoix.fr\/index.php\/chorales\/choeur-de-lemigration\/\" class=\"more-link\">Continuer la lecture de <span class=\"screen-reader-text\">CHOEUR DE L&rsquo;EMIGRATION<\/span><\/a><\/p>\n","protected":false},"author":3,"featured_media":0,"parent":107,"menu_order":1,"comment_status":"closed","ping_status":"closed","template":"","meta":{"ngg_post_thumbnail":0,"footnotes":""},"class_list":["post-669","page","type-page","status-publish","hentry"],"aioseo_notices":[],"_links":{"self":[{"href":"https:\/\/www.montreuilsousvoix.fr\/index.php\/wp-json\/wp\/v2\/pages\/669","targetHints":{"allow":["GET"]}}],"collection":[{"href":"https:\/\/www.montreuilsousvoix.fr\/index.php\/wp-json\/wp\/v2\/pages"}],"about":[{"href":"https:\/\/www.montreuilsousvoix.fr\/index.php\/wp-json\/wp\/v2\/types\/page"}],"author":[{"embeddable":true,"href":"https:\/\/www.montreuilsousvoix.fr\/index.php\/wp-json\/wp\/v2\/users\/3"}],"replies":[{"embeddable":true,"href":"https:\/\/www.montreuilsousvoix.fr\/index.php\/wp-json\/wp\/v2\/comments?post=669"}],"version-history":[{"count":5,"href":"https:\/\/www.montreuilsousvoix.fr\/index.php\/wp-json\/wp\/v2\/pages\/669\/revisions"}],"predecessor-version":[{"id":714,"href":"https:\/\/www.montreuilsousvoix.fr\/index.php\/wp-json\/wp\/v2\/pages\/669\/revisions\/714"}],"up":[{"embeddable":true,"href":"https:\/\/www.montreuilsousvoix.fr\/index.php\/wp-json\/wp\/v2\/pages\/107"}],"wp:attachment":[{"href":"https:\/\/www.montreuilsousvoix.fr\/index.php\/wp-json\/wp\/v2\/media?parent=669"}],"curies":[{"name":"wp","href":"https:\/\/api.w.org\/{rel}","templated":true}]}}