{"id":722,"date":"2026-04-03T16:32:18","date_gmt":"2026-04-03T16:32:18","guid":{"rendered":"https:\/\/www.montreuilsousvoix.fr\/?page_id=722"},"modified":"2026-04-06T13:20:48","modified_gmt":"2026-04-06T13:20:48","slug":"choeur-gospel-de-vincennes","status":"publish","type":"page","link":"https:\/\/www.montreuilsousvoix.fr\/index.php\/chorales\/choeur-gospel-de-vincennes\/","title":{"rendered":"CHOEUR GOSPEL DE VINCENNES"},"content":{"rendered":"<p><strong>Sofie S\u00f6rman<\/strong> (45 choristes)<br \/>\n<strong>Pop Soul Gospel<\/strong><\/p>\n<p>Dirig\u00e9 par Sofie S\u00f6rman et accompagn\u00e9 \u00e0 la guitare par Martino Roberts, le <strong>Ch\u0153ur Gospel de Vincennes<\/strong> r\u00e9unit pr\u00e8s de 50 choristes. Anim\u00e9s par une \u00e9nergie communicative et beaucoup de c\u0153ur, ils chantent avec joie un r\u00e9pertoire pop et soul aux accents gospel.<br \/>\nLe ch\u0153ur revisite des artistes embl\u00e9matiques tels que Stevie Wonder, Nina Simone, Rihanna, Dusty Springfield, et des \u0153uvres telles que Sister Act et Grease.<\/p>\n","protected":false},"excerpt":{"rendered":"<p>Sofie S\u00f6rman (45 choristes) Pop Soul Gospel Dirig\u00e9 par Sofie S\u00f6rman et accompagn\u00e9 \u00e0 la guitare par Martino Roberts, le Ch\u0153ur Gospel de Vincennes r\u00e9unit pr\u00e8s de 50 choristes. Anim\u00e9s par une \u00e9nergie communicative et beaucoup de c\u0153ur, ils chantent avec joie un r\u00e9pertoire pop et soul aux accents gospel. Le ch\u0153ur revisite des artistes &hellip; <a href=\"https:\/\/www.montreuilsousvoix.fr\/index.php\/chorales\/choeur-gospel-de-vincennes\/\" class=\"more-link\">Continuer la lecture de <span class=\"screen-reader-text\">CHOEUR GOSPEL DE VINCENNES<\/span><\/a><\/p>\n","protected":false},"author":3,"featured_media":0,"parent":107,"menu_order":1,"comment_status":"closed","ping_status":"closed","template":"","meta":{"ngg_post_thumbnail":0,"footnotes":""},"class_list":["post-722","page","type-page","status-publish","hentry"],"aioseo_notices":[],"_links":{"self":[{"href":"https:\/\/www.montreuilsousvoix.fr\/index.php\/wp-json\/wp\/v2\/pages\/722","targetHints":{"allow":["GET"]}}],"collection":[{"href":"https:\/\/www.montreuilsousvoix.fr\/index.php\/wp-json\/wp\/v2\/pages"}],"about":[{"href":"https:\/\/www.montreuilsousvoix.fr\/index.php\/wp-json\/wp\/v2\/types\/page"}],"author":[{"embeddable":true,"href":"https:\/\/www.montreuilsousvoix.fr\/index.php\/wp-json\/wp\/v2\/users\/3"}],"replies":[{"embeddable":true,"href":"https:\/\/www.montreuilsousvoix.fr\/index.php\/wp-json\/wp\/v2\/comments?post=722"}],"version-history":[{"count":2,"href":"https:\/\/www.montreuilsousvoix.fr\/index.php\/wp-json\/wp\/v2\/pages\/722\/revisions"}],"predecessor-version":[{"id":801,"href":"https:\/\/www.montreuilsousvoix.fr\/index.php\/wp-json\/wp\/v2\/pages\/722\/revisions\/801"}],"up":[{"embeddable":true,"href":"https:\/\/www.montreuilsousvoix.fr\/index.php\/wp-json\/wp\/v2\/pages\/107"}],"wp:attachment":[{"href":"https:\/\/www.montreuilsousvoix.fr\/index.php\/wp-json\/wp\/v2\/media?parent=722"}],"curies":[{"name":"wp","href":"https:\/\/api.w.org\/{rel}","templated":true}]}}