{"id":752,"date":"2026-04-03T17:15:31","date_gmt":"2026-04-03T17:15:31","guid":{"rendered":"https:\/\/www.montreuilsousvoix.fr\/?page_id=752"},"modified":"2026-04-06T13:25:41","modified_gmt":"2026-04-06T13:25:41","slug":"il-etait-une-voix-dans-lest","status":"publish","type":"page","link":"https:\/\/www.montreuilsousvoix.fr\/index.php\/chorales\/il-etait-une-voix-dans-lest\/","title":{"rendered":"IL ETAIT UNE VOIX DANS L&rsquo;EST"},"content":{"rendered":"<p><strong>Olivia Romano<\/strong> (de 40 \u00e0 80 choristes)<br \/>\n<strong>Pop Rock en anglais<\/strong><\/p>\n<p><img loading=\"lazy\" decoding=\"async\" class=\" wp-image-800 alignright\" src=\"https:\/\/www.montreuilsousvoix.fr\/wp-content\/uploads\/2026\/04\/Il-etait-une-voix-dans-lest-photo-2-300x225.jpg\" alt=\"\" width=\"397\" height=\"298\" srcset=\"https:\/\/www.montreuilsousvoix.fr\/wp-content\/uploads\/2026\/04\/Il-etait-une-voix-dans-lest-photo-2-300x225.jpg 300w, https:\/\/www.montreuilsousvoix.fr\/wp-content\/uploads\/2026\/04\/Il-etait-une-voix-dans-lest-photo-2-1024x768.jpg 1024w, https:\/\/www.montreuilsousvoix.fr\/wp-content\/uploads\/2026\/04\/Il-etait-une-voix-dans-lest-photo-2-768x576.jpg 768w, https:\/\/www.montreuilsousvoix.fr\/wp-content\/uploads\/2026\/04\/Il-etait-une-voix-dans-lest-photo-2-1536x1152.jpg 1536w, https:\/\/www.montreuilsousvoix.fr\/wp-content\/uploads\/2026\/04\/Il-etait-une-voix-dans-lest-photo-2.jpg 1600w\" sizes=\"auto, (max-width: 397px) 100vw, 397px\" \/>Depuis 2024, <strong>Il \u00c9tait Une Voix Dans l&rsquo;Est<\/strong>, c&rsquo;est une chorale de 60 \u00e0 80 choristes qui se retrouve pour chanter de la pop, du rock, de la folk, des musiques actuelles, dans l\u2019\u00e9nergie, la bonne humeur et le plaisir d&rsquo;\u00eatre ensemble. Chez nous, tout le monde a sa place, quel que soit son \u00e2ge, son niveau ou son exp\u00e9rience.&nbsp; Venez vibrer et vivre une aventure humaine et musicale qui ne demande qu&rsquo;\u00e0 grandir.<br \/>\nNotre ADN , c&rsquo;est du 100 % Montreuil : smile, paillettes, vibes et partage !<\/p>\n<p>&#8211; <a href=\"https:\/\/www.instagram.com\/iletaitunevoixest\/\" target=\"_blank\" rel=\"noopener\">Instagram Il \u00e9tait une voix dans l&rsquo;Est&nbsp;<\/a><br \/>\n&#8211; <a href=\"https:\/\/www.facebook.com\/profile.php?id=61577780460630\" target=\"_blank\" rel=\"noopener\">Facebook Il \u00e9tait une voix dans l&rsquo;Est<\/a><\/p>\n<p><img loading=\"lazy\" decoding=\"async\" class=\" wp-image-706 aligncenter\" src=\"https:\/\/www.montreuilsousvoix.fr\/wp-content\/uploads\/2026\/04\/Il-etait-une-voix-dans-lest-Logo-1-300x160.jpg\" alt=\"\" width=\"240\" height=\"128\" srcset=\"https:\/\/www.montreuilsousvoix.fr\/wp-content\/uploads\/2026\/04\/Il-etait-une-voix-dans-lest-Logo-1-300x160.jpg 300w, https:\/\/www.montreuilsousvoix.fr\/wp-content\/uploads\/2026\/04\/Il-etait-une-voix-dans-lest-Logo-1.jpg 599w\" sizes=\"auto, (max-width: 240px) 100vw, 240px\" \/><\/p>\n","protected":false},"excerpt":{"rendered":"<p>Olivia Romano (de 40 \u00e0 80 choristes) Pop Rock en anglais Depuis 2024, Il \u00c9tait Une Voix Dans l&rsquo;Est, c&rsquo;est une chorale de 60 \u00e0 80 choristes qui se retrouve pour chanter de la pop, du rock, de la folk, des musiques actuelles, dans l\u2019\u00e9nergie, la bonne humeur et le plaisir d&rsquo;\u00eatre ensemble. Chez nous, &hellip; <a href=\"https:\/\/www.montreuilsousvoix.fr\/index.php\/chorales\/il-etait-une-voix-dans-lest\/\" class=\"more-link\">Continuer la lecture de <span class=\"screen-reader-text\">IL ETAIT UNE VOIX DANS L&rsquo;EST<\/span><\/a><\/p>\n","protected":false},"author":3,"featured_media":0,"parent":107,"menu_order":1,"comment_status":"closed","ping_status":"closed","template":"","meta":{"ngg_post_thumbnail":0,"footnotes":""},"class_list":["post-752","page","type-page","status-publish","hentry"],"aioseo_notices":[],"_links":{"self":[{"href":"https:\/\/www.montreuilsousvoix.fr\/index.php\/wp-json\/wp\/v2\/pages\/752","targetHints":{"allow":["GET"]}}],"collection":[{"href":"https:\/\/www.montreuilsousvoix.fr\/index.php\/wp-json\/wp\/v2\/pages"}],"about":[{"href":"https:\/\/www.montreuilsousvoix.fr\/index.php\/wp-json\/wp\/v2\/types\/page"}],"author":[{"embeddable":true,"href":"https:\/\/www.montreuilsousvoix.fr\/index.php\/wp-json\/wp\/v2\/users\/3"}],"replies":[{"embeddable":true,"href":"https:\/\/www.montreuilsousvoix.fr\/index.php\/wp-json\/wp\/v2\/comments?post=752"}],"version-history":[{"count":3,"href":"https:\/\/www.montreuilsousvoix.fr\/index.php\/wp-json\/wp\/v2\/pages\/752\/revisions"}],"predecessor-version":[{"id":803,"href":"https:\/\/www.montreuilsousvoix.fr\/index.php\/wp-json\/wp\/v2\/pages\/752\/revisions\/803"}],"up":[{"embeddable":true,"href":"https:\/\/www.montreuilsousvoix.fr\/index.php\/wp-json\/wp\/v2\/pages\/107"}],"wp:attachment":[{"href":"https:\/\/www.montreuilsousvoix.fr\/index.php\/wp-json\/wp\/v2\/media?parent=752"}],"curies":[{"name":"wp","href":"https:\/\/api.w.org\/{rel}","templated":true}]}}